ndreds digit of s?
4
Let o(f) = 26*f**2 - 629*f + 619. What is the units digit of o(61)?
6
Let f(h) = -518*h - 1361. What is the hundreds digit of f(-3)?
1
Suppose -6*o = -21 - 21. What is the tens digit of (6 - o)*1*-223?
2
Let x(k) = k**2 + 27*k - 58. Let j(i) = 26*i - 164. Let g be j(7). What is the hundreds digit of x(g)?
7
Let u(f) be the second derivative of -23*f - 2*f**2 + 0 + 1/2*f**3. What is the units digit of u(6)?
4
Let q = -95 - -94. What is the tens digit of (5 - (-4)/(-20))*5 + q?
2
Let q(a) = 2*a**2 + 5*a + 6. Let t(s) = -5*s**2 - s + 1. Let r be t(1). What is the tens digit of q(r)?
3
Let x(a) = -17*a**3 + 2*a**2 + a - 6. Let y be 7/(-3) - ((-28)/(-12))/(-7). Let w be x(y). Let r = 17 + w. What is the hundreds digit of r?
1
Suppose -128937 = -79*y - 27817. What is the tens digit of y?
8
Suppose 2*l - 336 = -4*w + 6*l, -3*w - 4*l = -231. What is the tens digit of 25/((-175)/84)*w/(-2)?
8
Let q be (-396)/14 - 4/(-14). Let f = 40 + q. What is the units digit of (-90)/f*2*-4?
0
Let k be 590/8 - 24/(-96). Suppose -70*s + k*s = 4444. What is the units digit of s?
1
What is the units digit of (3 - -9049) + -69 + 57?
0
Let g = -59857 - -88877. What is the hundreds digit of g?
0
Suppose k + 1735 = 2598 + 3217. What is the thousands digit of k?
4
Let d(f) = -2982*f - 523. What is the tens digit of d(-8)?
3
Let j(d) = 4*d**3 - d**2 + d + 1. Let x = 51 - 50. Let s be j(x). Suppose l + s*t - 375 = -l, 0 = -3*l + 5*t + 575. What is the tens digit of l?
9
What is the hundreds digit of (-23163)/(-6)*(-56)/(-49)?
4
Suppose -3*b + 54696 = -4*y - 39053, 3*b - 93754 = 5*y. What is the tens digit of b?
4
Suppose 3*v - 44 = -4*d + 560, -d = 2*v - 396. Suppose -4*q = -5*f - 414 - 79, 3*f = 3*q - 366. Let s = v - q. What is the tens digit of s?
7
Suppose -b - 36 = -v, -3*b - 2*v - 112 = -4*v. Let m be 1402/8 + 10/b. Let g = m - 109. What is the units digit of g?
6
Let v(h) = 2*h**3 - 6*h**2 - 8*h - 36. Suppose -10*x + 77 = 7. What is the units digit of v(x)?
0
Let p be (-200)/(-110) + (-2)/(-11). Let w be 4 + (p - -20) - -5. Suppose 0 = w*f - 22*f - 1683. What is the tens digit of f?
8
What is the tens digit of 351846/26 - 1128/(-2444)?
3
Let m(o) = o**3 - 7*o + 14*o**2 + 24*o + 3 - 17 - 8*o. Let r be m(-10). Let n = 542 - r. What is the hundreds digit of n?
2
Suppose 95*q - 100*q = -4*c + 32352, 0 = 5*c + 2*q - 40407. What is the hundreds digit of c?
0
Suppose -5*x + w + 64283 = 0, 4*x - 2*w - 56566 + 5142 = 0. What is the units digit of x?
7
Let q = -34901 + 54891. What is the thousands digit of q?
9
Let p(w) = -15*w + 35. Let q be p(22). Let j be (-10)/(3 + 875/q). Let m = j - -435. What is the hundreds digit of m?
1
Let i = 22 + -18. Suppose -4*b - 264 = z, 3*z - i = -b - 59. Let m = b - -122. What is the units digit of m?
5
Suppose -59484 = -5*z + 2*f, 3*z + 95*f - 35709 = 90*f. What is the hundreds digit of z?
8
Let w = -129 - -83. Let r(s) = -s**3 - 46*s**2 - 17*s + 135. What is the hundreds digit of r(w)?
9
Let v(z) = 25*z**2 + z - 22. Let b(j) = 12*j**2 + j - 11. Let l(c) = 13*b(c) - 6*v(c). Let k be l(-4). Suppose 22 = u - k. What is the tens digit of u?
7
Let c be 3/((-12)/(-10))*-80. Let s = 287 + c. Let d = 242 - s. What is the units digit of d?
5
Suppose 2787 + 1007 = 2*w + 3*y, -3*w + y = -5724. What is the thousands digit of w?
1
Let h(a) = -2*a + 2*a - a. Let m(i) = -i**3 - 15*i**2 + 6*i - 10. Let x(r) = 2*h(r) - m(r). What is the tens digit of x(-15)?
3
Let q(p) = -p**2 - 25*p - 87. Let a be q(-7). Let b(i) = 9*i - 13. What is the units digit of b(a)?
8
Let l(a) = -7*a**3 - a**2 + 3*a + 3. Let x be 10/(-3) + 4 + (-10)/6. Let b be l(x). What is the units digit of -726*(-1 - b/(-9))?
2
Let m be 3 - 2 - (1 + 1). Let k(y) = 30*y - 7. Let n(z) = -29*z + 5. Let c(i) = 3*k(i) + 4*n(i). What is the tens digit of c(m)?
2
Let s(o) = -3*o**2 - 25*o - 9. Let q be s(-7). Suppose m = q - 5. What is the units digit of (268/3)/(m/21)?
4
Let i(h) = -h**2 - 32*h - 68. Suppose -4*d = 74 + 22. What is the hundreds digit of i(d)?
1
Suppose -106*x = -107*x - 3. Let i(u) = 80*u + 30. Let w(z) = -16*z - 6. Let m(s) = 2*i(s) + 11*w(s). What is the units digit of m(x)?
2
Let p be 1*(0 + 3)*-2. Let v be (-5)/(-30)*-2*p. Suppose -2*w - v*w = -492. What is the tens digit of w?
2
What is the thousands digit of 52 + -46 + (2 - -4470)?
4
Suppose 4*s - 2*b = 11038 + 23652, -3*s = -3*b - 26016. What is the units digit of s?
3
Let b = -181 + 183. What is the tens digit of 2375/4 - b/(-8)?
9
Let s(g) = 6*g**2 - g + 12. What is the thousands digit of s(31)?
5
Suppose 3*s + 2*p = -734, p = -3*s - 330 - 403. Let b be s - (4 + -6 + 1). Let j = b + 405. What is the units digit of j?
2
Let w(r) = -7*r + 38. Let b be w(4). Suppose -1001 = -b*c + 1819. Let q = c + -21. What is the units digit of q?
1
What is the tens digit of (-40558960)/(-1560)*3/2?
9
Let i(b) be the first derivative of -b**4/4 + b**3/3 + b**2/2 + 57*b + 2. Suppose o + 2*p + 2 = 0, 5*o + 0*p + 2 = -2*p. What is the units digit of i(o)?
7
Suppose -2*u + 3*y - 74 = 77, 0 = -2*y - 2. Let r = -62 - u. What is the units digit of 3 - 42/r - (-2828)/35?
1
Suppose -93*o = 192*o - 10880526 - 5645769. What is the tens digit of o?
8
Suppose 5501*o - 5474*o = 681777. What is the units digit of o?
1
Let c = 1494 + -2159. What is the thousands digit of (-20636)/(-19) - (-14)/c*5?
1
Let o(z) = 1167*z - 623. What is the units digit of o(7)?
6
Let h be 10/(((-18)/15)/((-3)/5)). Suppose -5*u = 5*g - 4075, 7*u - 811 = 6*u - h*g. What is the hundreds digit of u?
8
Let y(r) = -r**3 + 11*r**2 - r + 9. Let k be y(11). Suppose -15 = -3*f, -j - 2*f + 7 = -0*j. What is the units digit of (-15 - -2 - j)*k?
0
Let h(y) = 35*y - 254. Let o be h(8). Let v(x) = 2*x**2 - 25*x + 116. What is the units digit of v(o)?
8
Let k(f) = -20*f**3 - 3*f**2 + 9*f - 30. Let c(u) = 7*u**3 + u**2 - 4*u + 10. Let d(j) = -17*c(j) - 6*k(j). What is the hundreds digit of d(5)?
2
Suppose 5*k = 2*k + 1125. What is the hundreds digit of 2/(5 + (-2247)/k + 1)?
2
Suppose 3*b - 5*k + 4 = -2, 5*b = -4*k + 27. Suppose -6*q = -b*q - 873. What is the hundreds digit of q?
2
Let s(j) = j**3 - 2*j**2 - 8*j - 3. Let x be s(-3). What is the units digit of (x + 2)*(-47 - -9)?
6
Let n(k) = 9*k - 13. Suppose 2*x + 25 = 5*a, -3*a - 5*x - 4 + 19 = 0. Let i(w) = -4*w + 7. Let y(m) = a*i(m) + 2*n(m). What is the units digit of y(0)?
9
Let k = 28 - 148. What is the units digit of (2*(-843)/(-4))/((-90)/k)?
2
Let f(k) = 14*k**3 - 3*k**2 + 19*k - 124. What is the units digit of f(8)?
4
Let z(v) = 2*v + 2. Let o be z(-7). Let t(a) = a**3 + 18*a**2 + 29*a. What is the tens digit of t(o)?
1
Let u be ((-54)/24)/(3/(-632)). Suppose -118 - u = -4*g. Suppose -a - g = -5*a. What is the tens digit of a?
3
Let r(q) be the third derivative of q**6/120 - 17*q**3/3 + 19*q**2. Let y be r(0). What is the units digit of (0 - 62)*17/y?
1
Let o = 1771 - -2314. What is the hundreds digit of o?
0
Suppose 2*p = -4*b + 16370, 4*b = -424*p + 425*p + 16391. What is the units digit of b?
6
Let d(m) = m**3 - 12*m**2 - 13*m + 12. Let c be d(13). Let r be c/(-20)*2*(3 + 202). Let k = 393 + r. What is the tens digit of k?
4
Let m be 0 + -7 - (-2 - 1872). Suppose 3*w + a = m + 479, -5*a - 2346 = -3*w. What is the tens digit of w?
8
Suppose 4*l - 312 = -0*l. Suppose -l*v + 2461 = -55*v. What is the units digit of v?
7
Let i(d) be the third derivative of -d**6/120 + 7*d**5/60 + 5*d**4/8 + 2*d**3/3 + 5*d**2 + 4. What is the units digit of i(-4)?
0
Suppose -3*q - 3*m - 42 = -0*m, 0 = q - m + 16. Let f(j) = -j**3 - 17*j**2 - 34*j + 19. What is the tens digit of f(q)?
7
Let v = -7064 + 11654. Suppose -125*s + 134*s - v = 0. What is the units digit of s?
0
Let r(w) be the first derivative of -27*w**2/2 - 14*w - 62. What is the hundreds digit of r(-6)?
1
Let c = 9147 + -4911. Suppose c = 11*g - 65. What is the hundreds digit of g?
3
Suppose -17*c + 16*c = -64. Suppose 3*p - c = 11*p. What is the units digit of (-2988)/(-22) - p/44?
6
Let l(w) = 4*w + 149. Let r be l(-33). Suppose r*u - 3494 = 12*u + p, 5*u - 3492 = 3*p. What is the tens digit of u?
9
Suppose -2*q = 3*i - 24769, q + 4233 - 16635 = i. What is the hundreds digit of q?
3
Suppose -1018 = 3*n + 2*g, 5*n + 7*g + 1704 = 11*g. Let r = 650 + n. Let c = -165 